{"id":168,"date":"2023-05-22T11:10:46","date_gmt":"2023-05-22T11:10:46","guid":{"rendered":"https:\/\/news.lammenu.com\/?page_id=168"},"modified":"2023-05-22T11:16:16","modified_gmt":"2023-05-22T11:16:16","slug":"san-pham","status":"publish","type":"page","link":"https:\/\/baochaugroup.com.vn\/?page_id=168","title":{"rendered":"S\u1ea3n ph\u1ea9m"},"content":{"rendered":"  <div id=\"page-header-1570111199\" class=\"page-header-wrapper\">\n  <div class=\"page-title light normal-title\">\n\n    \n    <div class=\"page-title-inner container align-center flex-row medium-flex-wrap\" >\n              <div class=\"title-wrapper flex-col text-left medium-text-center\">\n          <h1 class=\"entry-title mb-0\">\n            S\u1ea3n ph\u1ea9m          <\/h1>\n        <\/div>\n                    <div class=\"title-content flex-col flex-right text-right medium-text-center\">\n        <div class=\"title-breadcrumbs pb-half pt-half\"><nav class=\"woocommerce-breadcrumb breadcrumbs uppercase\">Trang ch\u1ee7<\/nav><\/div>      <\/div>\n    <\/div>\n\n       <\/div>\n    <\/div>\n  \n\t<section class=\"section sanpham-c\" id=\"section_2096927237\">\n\t\t<div class=\"bg section-bg fill bg-fill  bg-loaded\" >\n\n\t\t\t\n\t\t\t\n\t\t\t\n\n\t\t<\/div>\n\n\t\t\n\n\t\t<div class=\"section-content relative\">\n\t\t\t\n\n  \n    <div class=\"row large-columns-2 medium-columns- small-columns- row-small has-shadow row-box-shadow-1\">\n  \t\n\t     <div class=\"col\" >\n\t\t\t\t\t\t<div class=\"col-inner\">\n\t\t\t\t\t\t\n<div class=\"badge-container absolute left top z-1\">\n<\/div>\n\t\t\t\t\t\t<div class=\"product-small box has-hover box-normal box-text-bottom\">\n\t\t\t\t\t\t\t<div class=\"box-image\" >\n\t\t\t\t\t\t\t\t<div class=\"image-cover\" style=\"padding-top:100%;\">\n\t\t\t\t\t\t\t\t\t<a href=\"https:\/\/baochaugroup.com.vn\/?product=vien-nen-go\" aria-label=\"Vi\u00ean N\u00e9n G\u1ed7\">\n\t\t\t\t\t\t\t\t\t\t<img loading=\"lazy\" decoding=\"async\" width=\"960\" height=\"1280\" src=\"https:\/\/baochaugroup.com.vn\/wp-content\/uploads\/2024\/07\/z5601190491559_27a75a7801bda84e88dc6c7661deb99a.jpg\" class=\"attachment-original size-original\" alt=\"Vi\u00ean N\u00e9n G\u1ed7\" srcset=\"https:\/\/baochaugroup.com.vn\/wp-content\/uploads\/2024\/07\/z5601190491559_27a75a7801bda84e88dc6c7661deb99a.jpg 960w, https:\/\/baochaugroup.com.vn\/wp-content\/uploads\/2024\/07\/z5601190491559_27a75a7801bda84e88dc6c7661deb99a-225x300.jpg 225w, https:\/\/baochaugroup.com.vn\/wp-content\/uploads\/2024\/07\/z5601190491559_27a75a7801bda84e88dc6c7661deb99a-768x1024.jpg 768w, https:\/\/baochaugroup.com.vn\/wp-content\/uploads\/2024\/07\/z5601190491559_27a75a7801bda84e88dc6c7661deb99a-600x800.jpg 600w\" sizes=\"auto, (max-width: 960px) 100vw, 960px\" \/>\t\t\t\t\t\t\t\t\t<\/a>\n\t\t\t\t\t\t\t\t\t<div class=\"overlay fill\" style=\"background-color: rgba(0, 0, 0, 0.407)\"><\/div>\t\t\t\t\t\t\t\t\t \t\t\t\t\t\t\t\t<\/div>\n\t\t\t\t\t\t\t\t<div class=\"image-tools top right show-on-hover\">\n\t\t\t\t\t\t\t\t\t\t\t\t\t\t\t\t\t<\/div>\n\t\t\t\t\t\t\t\t\t\t\t\t\t\t\t\t\t<div class=\"image-tools grid-tools text-center hide-for-small bottom hover-slide-in show-on-hover\">\n\t\t\t\t\t\t\t\t\t\t\t\t\t\t\t\t\t\t\t<\/div>\n\t\t\t\t\t\t\t\t\t\t\t\t\t\t\t\t\t\t\t\t\t\t\t<\/div>\n\n\t\t\t\t\t\t\t<div class=\"box-text text-left is-large dark\" style=\"background-color:rgb(39, 41, 115);\">\n\t\t\t\t\t\t\t\t<div class=\"title-wrapper\"><p class=\"name product-title woocommerce-loop-product__title\"><a href=\"https:\/\/baochaugroup.com.vn\/?product=vien-nen-go\" class=\"woocommerce-LoopProduct-link woocommerce-loop-product__link\">Vi\u00ean N\u00e9n G\u1ed7<\/a><\/p><\/div><div class=\"price-wrapper\"><\/div>\t\t<p class=\"box-excerpt is-small\">\n\t\t\t\u0110\u01b0\u1ee3c s\u1ea3n xu\u1ea5t ra t\u1eeb nh\u1eefng ph\u1ebf th\u1ea3i t\u1eeb g\u1ed7, \u0111i\u1ec1u n\u00e0y c\u00f3 ngh\u0129a l\u00e0 ch\u00fang v\u00f4 c\u00f9ng an to\u00e0n khi s\u1eed d\u1ee5ng, gi\u1ea3m thi\u1ec3u qu\u00e1 tr\u00ecnh x\u1eed l\u00fd c\u00e1c ph\u1ebf th\u1ea3i t\u1eeb th\u1ef1c v\u1eadt, t\u1eadn d\u1ee5ng \u0111\u01b0\u1ee3c ngu\u1ed3n nguy\u00ean li\u1ec7u s\u1eb5n c\u00f3 m\u00e0 \u0111em l\u1ea1i hi\u1ec7u qu\u1ea3 cao.\t\t<\/p>\n\t\t\t\t\t\t\t\t\t<\/div>\n\t\t\t\t\t\t<\/div>\n\t\t\t\t\t\t<\/div>\n\t\t\t\t\t<\/div><div class=\"col\" >\n\t\t\t\t\t\t<div class=\"col-inner\">\n\t\t\t\t\t\t\n<div class=\"badge-container absolute left top z-1\">\n<\/div>\n\t\t\t\t\t\t<div class=\"product-small box has-hover box-normal box-text-bottom\">\n\t\t\t\t\t\t\t<div class=\"box-image\" >\n\t\t\t\t\t\t\t\t<div class=\"image-cover\" style=\"padding-top:100%;\">\n\t\t\t\t\t\t\t\t\t<a href=\"https:\/\/baochaugroup.com.vn\/?product=dam-go\" aria-label=\"D\u0103m G\u1ed7\">\n\t\t\t\t\t\t\t\t\t\t<img loading=\"lazy\" decoding=\"async\" width=\"1000\" height=\"1000\" src=\"https:\/\/baochaugroup.com.vn\/wp-content\/uploads\/2023\/05\/Dam-Go.jpg\" class=\"attachment-original size-original\" alt=\"D\u0103m G\u1ed7\" srcset=\"https:\/\/baochaugroup.com.vn\/wp-content\/uploads\/2023\/05\/Dam-Go.jpg 1000w, https:\/\/baochaugroup.com.vn\/wp-content\/uploads\/2023\/05\/Dam-Go-300x300.jpg 300w, https:\/\/baochaugroup.com.vn\/wp-content\/uploads\/2023\/05\/Dam-Go-150x150.jpg 150w, https:\/\/baochaugroup.com.vn\/wp-content\/uploads\/2023\/05\/Dam-Go-768x768.jpg 768w, https:\/\/baochaugroup.com.vn\/wp-content\/uploads\/2023\/05\/Dam-Go-600x600.jpg 600w, https:\/\/baochaugroup.com.vn\/wp-content\/uploads\/2023\/05\/Dam-Go-100x100.jpg 100w\" sizes=\"auto, (max-width: 1000px) 100vw, 1000px\" \/>\t\t\t\t\t\t\t\t\t<\/a>\n\t\t\t\t\t\t\t\t\t<div class=\"overlay fill\" style=\"background-color: rgba(0, 0, 0, 0.407)\"><\/div>\t\t\t\t\t\t\t\t\t \t\t\t\t\t\t\t\t<\/div>\n\t\t\t\t\t\t\t\t<div class=\"image-tools top right show-on-hover\">\n\t\t\t\t\t\t\t\t\t\t\t\t\t\t\t\t\t<\/div>\n\t\t\t\t\t\t\t\t\t\t\t\t\t\t\t\t\t<div class=\"image-tools grid-tools text-center hide-for-small bottom hover-slide-in show-on-hover\">\n\t\t\t\t\t\t\t\t\t\t\t\t\t\t\t\t\t\t\t<\/div>\n\t\t\t\t\t\t\t\t\t\t\t\t\t\t\t\t\t\t\t\t\t\t\t<\/div>\n\n\t\t\t\t\t\t\t<div class=\"box-text text-left is-large dark\" style=\"background-color:rgb(39, 41, 115);\">\n\t\t\t\t\t\t\t\t<div class=\"title-wrapper\"><p class=\"name product-title woocommerce-loop-product__title\"><a href=\"https:\/\/baochaugroup.com.vn\/?product=dam-go\" class=\"woocommerce-LoopProduct-link woocommerce-loop-product__link\">D\u0103m G\u1ed7<\/a><\/p><\/div><div class=\"price-wrapper\"><\/div>\t\t<p class=\"box-excerpt is-small\">\n\t\t\tD\u0103m g\u1ed7 l\u00e0 m\u1ed9t lo\u1ea1i ph\u1ee5 ph\u1ea9m \u0111\u01b0\u1ee3c sinh ra trong qu\u00e1 tr\u00ecnh ch\u1ebf bi\u1ebfn s\u1ea3n xu\u1ea5t \u0111\u1ed3 g\u1ed7. D\u0103m g\u1ed7 l\u00e0 nguy\u00ean li\u1ec7u \u0111\u1ea7u v\u00e0o trong s\u1ea3n xu\u1ea5t b\u1ed9t gi\u1ea5y, g\u1ed7 n\u00e9n, l\u00e0m nhang, v\u00e1n d\u0103m,\u2026.V\u1edbi \u0111\u1eb7c t\u00ednh d\u1ec5 b\u00e9n l\u1eeda, l\u01b0\u1ee3ng sinh nhi\u1ec7t cao, chi ph\u00ed r\u1ebb.\t\t<\/p>\n\t\t\t\t\t\t\t\t\t<\/div>\n\t\t\t\t\t\t<\/div>\n\t\t\t\t\t\t<\/div>\n\t\t\t\t\t<\/div><\/div>\n\t\t<\/div>\n\n\t\t\n<style>\n#section_2096927237 {\n  padding-top: 30px;\n  padding-bottom: 30px;\n}\n#section_2096927237 .ux-shape-divider--top svg {\n  height: 150px;\n  --divider-top-width: 100%;\n}\n#section_2096927237 .ux-shape-divider--bottom svg {\n  height: 150px;\n  --divider-width: 100%;\n}\n<\/style>\n\t<\/section>\n\t\n","protected":false},"excerpt":{"rendered":"","protected":false},"author":1,"featured_media":0,"parent":0,"menu_order":0,"comment_status":"closed","ping_status":"closed","template":"","meta":{"footnotes":""},"class_list":["post-168","page","type-page","status-publish","hentry"],"_links":{"self":[{"href":"https:\/\/baochaugroup.com.vn\/index.php?rest_route=\/wp\/v2\/pages\/168","targetHints":{"allow":["GET"]}}],"collection":[{"href":"https:\/\/baochaugroup.com.vn\/index.php?rest_route=\/wp\/v2\/pages"}],"about":[{"href":"https:\/\/baochaugroup.com.vn\/index.php?rest_route=\/wp\/v2\/types\/page"}],"author":[{"embeddable":true,"href":"https:\/\/baochaugroup.com.vn\/index.php?rest_route=\/wp\/v2\/users\/1"}],"replies":[{"embeddable":true,"href":"https:\/\/baochaugroup.com.vn\/index.php?rest_route=%2Fwp%2Fv2%2Fcomments&post=168"}],"version-history":[{"count":3,"href":"https:\/\/baochaugroup.com.vn\/index.php?rest_route=\/wp\/v2\/pages\/168\/revisions"}],"predecessor-version":[{"id":171,"href":"https:\/\/baochaugroup.com.vn\/index.php?rest_route=\/wp\/v2\/pages\/168\/revisions\/171"}],"wp:attachment":[{"href":"https:\/\/baochaugroup.com.vn\/index.php?rest_route=%2Fwp%2Fv2%2Fmedia&parent=168"}],"curies":[{"name":"wp","href":"https:\/\/api.w.org\/{rel}","templated":true}]}}